?
4
What is the millions digit of 13936316?
3
What is the hundreds digit of 4881324?
3
What is the hundreds digit of 361004?
0
What is the tens digit of 20221294?
9
What is the ten thousands digit of 36806?
3
What is the hundreds digit of 16065025?
0
What is the units digit of 4158574?
4
What is the thousands digit of 172325?
2
What is the hundred thousands digit of 14357686?
3
What is the hundred thousands digit of 1043980?
0
What is the tens digit of 530003?
0
What is the millions digit of 27756558?
7
What is the tens digit of 19700?
0
What is the hundreds digit of 34561?
5
What is the thousands digit of 13470337?
0
What is the tens digit of 2406513?
1
What is the tens digit of 3614870?
7
What is the thousands digit of 77503?
7
What is the ten thousands digit of 29553470?
5
What is the hundreds digit of 14330?
3
What is the hundred thousands digit of 4728095?
7
What is the tens digit of 1024963?
6
What is the tens digit of 234382?
8
What is the hundreds digit of 122425?
4
What is the millions digit of 6941616?
6
What is the units digit of 68558?
8
What is the thousands digit of 382974?
2
What is the hundred thousands digit of 7903375?
9
What is the hundreds digit of 284823?
8
What is the ten thousands digit of 119975?
1
What is the tens digit of 162266?
6
What is the tens digit of 2839079?
7
What is the thousands digit of 447308?
7
What is the hundreds digit of 536742?
7
What is the hundred thousands digit of 123219?
1
What is the ten thousands digit of 10717101?
1
What is the thousands digit of 27637?
7
What is the tens digit of 958698?
9
What is the units digit of 2669662?
2
What is the tens digit of 6793280?
8
What is the ten millions digit of 18202463?
1
What is the thousands digit of 166530?
6
What is the hundred thousands digit of 100439?
1
What is the units digit of 4532723?
3
What is the units digit of 13432382?
2
What is the millions digit of 1383698?
1
What is the units digit of 22792786?
6
What is the millions digit of 2002339?
2
What is the millions digit of 4554487?
4
What is the tens digit of 566232?
3
What is the thousands digit of 1201792?
1
What is the tens digit of 1692487?
8
What is the units digit of 166556?
6
What is the units digit of 13528172?
2
What is the hundred thousands digit of 1635798?
6
What is the hundred thousands digit of 618405?
6
What is the millions digit of 3587103?
3
What is the units digit of 8120179?
9
What is the tens digit of 3730972?
7
What is the hundred thousands digit of 389230?
3
What is the units digit of 5164837?
7
What is the hundreds digit of 236674?
6
What is the tens digit of 1790511?
1
What is the hundreds digit of 181634?
6
What is the ten thousands digit of 850661?
5
What is the ten thousands digit of 163929?
6
What is the tens digit of 1140382?
8
What is the units digit of 2369573?
3
What is the units digit of 5160320?
0
What is the units digit of 40673?
3
What is the thousands digit of 8399911?
9
What is the units digit of 98876?
6
What is the hundreds digit of 1251428?
4
What is the ten thousands digit of 5013391?
1
What is the units digit of 55571?
1
What is the tens digit of 345940?
4
What is the ten thousands digit of 4116498?
1
What is the millions digit of 1568983?
1
What is the hundred thousands digit of 1104872?
1
What is the tens digit of 243757?
5
What is the thousands digit of 527878?
7
What is the ten thousands digit of 52157?
5
What is the tens digit of 665216?
1
What is the ten thousands digit of 385524?
8
What is the millions digit of 4467427?
4
What is the ten thousands digit of 1478974?
7
What is the hundred thousands digit of 1043101?
0
What is the tens digit of 1570596?
9
What is the tens digit of 3411500?
0
What is the tens digit of 125281?
8
What is the ten thousands digit of 1307446?
0
What is the ten thousands digit of 370651?
7
What is the thousands digit of 1494380?
4
What is the hundreds digit of 15556?
5
What is the tens digit of 157925?
2
What is the ten thousands digit of 312930?
1
What is the ten thousands digit of 108623?
0
What is the ten thousands digit of 144395?
4
What is the thousands digit of 49906?
9
What is the tens digit of 518798?
9
What is the millions digit of 1440712?
1
What is the units digit of 229938?
8
What is the thousands digit of 250395?
0
What is the millions digit of 19902148?
9
What is the thousands digit of 165301?
5
What is the ten thousands digit of 17468606?
6
What is the tens digit of 19364074?
7
What is the hundred thousands digit of 113524?
1
What is the hundreds digit of 659933?
9
What is the hundred thousands digit of 746050?
7
What is the units digit of 438930?
0
What is the tens digit of 21904206?
0
What is the units digit of 2869769?
9
What is the tens digit of 20237055?
5
What is the hundred thousands digit of 3402153?
4
What is the units digit of 1016147?
7
What is the ten thousands digit of 4636262?
3
What is the units digit of 8866958?
8
What is the thousands digit of 206226?
6
What is the ten thousands digit of 22087?
2
What is the tens digit of 205651?
5
What is the ten thousands digit of 9699901?
9
What is the units digit of 14814600?
0
What is the hundreds digit of 678242?
2
What is the tens digit of 2460718?
1
What is the millions digit of 3229310?
3
What is the hundreds digit of 32038294?
2
What is the units digit of 861485?
5
What is the units digit of 5741840?
0
What is the tens digit of 3343719?
1
What is the hundreds digit of 429426?
4
What is the ten millions digit of 13179527?
1
What is the thousands digit of 1585407?
5
What is the hundred thousands digit of 1404586?
4
What is the ten thousands digit of 8261221?
6
What is the ten thousands digit of 472852?
7
What is the thousands digit of 1136178?
6
What is the thousands digit of 74453?
4
What is the hundred thousands digit of 153169?
1
What is the tens digit of 826243?
4
What is the units digit of 117792?
2
What is the hundred thousands digit of 194029?
1
What is the ten thousands digit of 549505?
4
What is the hundreds digit of 2640277?
2
What is the ten millions digit of 21939156?
2
What is the ten thousands digit of 86848?
8
What is the ten millions digit of 11314595?
1
What is the millions digit of 1036726?
1
What is the units digit of 423590?
0
What is the hundreds digit of 160256?
2
What is the thousands digit of 3842701?
2
What is the ten thousands digit of 375075?
7
What is the hundreds digit of 995734?
7
What is the hundred thousands digit of 943595?
9
What is the thousands digit of 6158791?
8
What is the tens digit of 1269863?
6
What is the hundreds digit of 662572?
5
What is the tens digit of 758121?
2
What is the hundreds digit of 1131798?
7
What is the units digit of 478449?
9
What is the units digit of 1673326?
6
What is the units digit of 16065403?
3
What is the ten millions digit of 10706106?
1
What is the ten thousands digit of 1031724?
3
What is the hundreds digit of 71295?
2
What is the thousands digit of 2267548?
7
What is the units digit of 3356186?
6
What is the thousands digit of 4100417?
0
What is the ten thousands digit of 363913?
6
What is the thousands digit of 14492?
4
What is the tens digit of 32486894?
9
What is the hundred thousands digit of 3617850?
6
What is the thousands digit of 3172695?
2
What is the ten thousands digit of 477983?
7
What is the units digit of 12108?
8
What is the hundreds digit of 100490?
4
What is the tens digit of 2174348?
4
What is the thousands digit of 71966?
1
What is the ten thousands digit of 96666?
9
What is the hundred thousands digit of 1343253?
3
What is the hundreds digit of 480862?
8
What is the tens digit of 33746595?
9
What is the thousands digit of 680445?
0
What is the ten thousands digit of 1061159?
6
What is the ten millions digit of 20144980?
2
What is the tens digit of 253018?
1
What is the millions digit of 7364658?
7
What is the hundreds digit of 21748851?
8
What is the hundreds digit of 833088?
0
What is the tens digit of 65639?
3
What is the units digit of 488492?
2
What is the hundred thousands digit of 35301083?
3
What is the ten thousands digit of 2296813?
9
What is the hundreds digit of 421316?
3
What is the ten thousands digit of 7654513?
5
What is the units digit of 8670?
0
What is the thousands digit of 29499734?
9
What is the units digit of 576518?
8
What is the